12, what is -248 - 13?
-25b
In base 5, what is 2243 + -3?
2240
In base 8, what is -36 - -642?
604
In base 15, what is -3b9 - -47?
-372
In base 11, what is 21 + 5792?
5803
In base 16, what is e + 26b?
279
In base 9, what is -105 + 1833?
1727
In base 7, what is -3 - -225146?
225143
In base 8, what is -15 - -25?
10
In base 12, what is -ab86 + -60?
-b026
In base 8, what is 13754054 - -5?
13754061
In base 12, what is -6 + 51a57?
51a51
In base 16, what is -ea12 + -1?
-ea13
In base 6, what is 2 + 1140050?
1140052
In base 2, what is 1100110100100 + -1101?
1100110010111
In base 16, what is f7fa - 4?
f7f6
In base 13, what is -10a8 + b8?
-cc0
In base 5, what is 114402 + 1?
114403
In base 9, what is -4 - -14314?
14310
In base 14, what is -9 + 40a62?
40a57
In base 3, what is 12 - 22022122001?
-22022121212
In base 16, what is 4451 + -1e?
4433
In base 4, what is 1303 - -10100?
12003
In base 5, what is 121 - 141021?
-140400
In base 16, what is -20ef - 2?
-20f1
In base 16, what is -5 + -bebd5?
-bebda
In base 5, what is 2400044 + 13?
2400112
In base 15, what is 5b0 + -63d?
-7d
In base 2, what is 11 + 111101101101110?
111101101110001
In base 4, what is 23031202 - -23?
23031231
In base 10, what is -71 - -13347?
13276
In base 12, what is -168219 - -1?
-168218
In base 13, what is 4c0 - a?
4b3
In base 6, what is 4 - 2550320?
-2550312
In base 4, what is 23 + -201312?
-201223
In base 13, what is 0 + -134504?
-134504
In base 13, what is 4 - 5458?
-5454
In base 10, what is 2 - 9728?
-9726
In base 9, what is -1064 + 480?
-474
In base 12, what is 5 + -1b082?
-1b079
In base 14, what is 30961 - -12?
30973
In base 13, what is 2270b71 - 2?
2270b6c
In base 4, what is -21113 - 10?
-21123
In base 12, what is 47 + 1220a?
12255
In base 13, what is -3 + -19b3?
-19b6
In base 7, what is -123030 - 21?
-123051
In base 16, what is 10c - -13b7?
14c3
In base 14, what is 151 - 446c?
-431b
In base 13, what is -3a4 + -3427?
-37cb
In base 13, what is -5c - -1a?
-42
In base 3, what is -22111 + -212?
-100100
In base 10, what is -1594 - -196?
-1398
In base 16, what is -60c12 + -2?
-60c14
In base 10, what is -367 - -22?
-345
In base 11, what is -2 - 465397?
-465399
In base 3, what is -10 + 1011112211022?
1011112211012
In base 15, what is 17 - 204b3?
-2049b
In base 8, what is -532 - -66?
-444
In base 2, what is 101100000001 - -111?
101100001000
In base 12, what is 8a40 - 35?
8a07
In base 12, what is -16b + 636?
487
In base 8, what is -1245301 - -3?
-1245276
In base 8, what is -5 - -62407?
62402
In base 8, what is 7 + 227575?
227604
In base 2, what is -1000101 - -110000110?
101000001
In base 14, what is -a - -74882?
74876
In base 14, what is -61320 + 14?
-6130a
In base 2, what is -110011 - 100100001?
-101010100
In base 11, what is -6 - -3838?
3832
In base 4, what is -230 + -123000?
-123230
In base 10, what is -57 + 141?
84
In base 11, what is -9 - 434?
-442
In base 13, what is -46909 + a?
-468cc
In base 9, what is -320 - -238?
-71
In base 15, what is -3142c - 7?
-31434
In base 4, what is 303010203 - -20?
303010223
In base 5, what is 3 - 22032330?
-22032322
In base 16, what is 1c + -1e88?
-1e6c
In base 10, what is -3 + 11551?
11548
In base 8, what is 36071 + 11?
36102
In base 13, what is 3 + -67aa5?
-67aa2
In base 6, what is -1020232 + -5?
-1020241
In base 4, what is 21311 - 113?
21132
In base 4, what is 11003121123 - 3?
11003121120
In base 2, what is 10 + -110000011000100?
-110000011000010
In base 16, what is fd9 + 5b?
1034
In base 9, what is -35211 - -3?
-35207
In base 3, what is 2222 + -12012101?
-12002102
In base 11, what is 5 - -1aaa78?
1aaa82
In base 14, what is -19 + -d89?
-da4
In base 6, what is 4 - 1055134?
-1055130
In base 5, what is -2222 - 1013131?
-1020403
In base 12, what is -13 - 18399?
-183b0
In base 8, what is 475745 - 1?
475744
In base 5, what is -33220 + 1?
-33214
In base 4, what is -10210 - -1100?
-3110
In base 8, what is -1423141 - 6?
-1423147
In base 16, what is 2 - -44faa?
44fac
In base 5, what is 2 + 14002421?
14002423
In base 9, what is 4 + 54108?
54113
In base 7, what is -1115 + 3535?
2420
In base 15, what is -20 - -29b?
27b
In base 7, what is -1 + 2122055?
2122054
In base 8, what is -15 - 3361?
-3376
In base 10, what is 1424 - -675?
2099
In base 4, what is -1323211003 + -1?
-1323211010
In base 15, what is 28 + -a5e?
-a36
In base 8, what is 206644 + 5?
206651
In base 6, what is 0 + 1145103?
1145103
In base 5, what is -10324400 + -4?
-10324404
In base 8, what is 27075 - -55?
27152
In base 10, what is 9465 - -24?
9489
In base 16, what is 15 + 68c?
6a1
In base 5, what is -131 + 2124123?
2123442
In base 9, what is 75 + 1534?
1620
In base 8, what is -10374 - -20?
-10354
In base 9, what is -1505 - 3026?
-4532
In base 14, what is -28a5 + -6?
-28ab
In base 3, what is -10 - 122112202212?
-122112202222
In base 8, what is 15 + -1363?
-1346
In base 9, what is 1272 - -18?
1301
In base 5, what is 34420332 - 11?
34420321
In base 2, what is 11011110100101000001100 - -101?
11011110100101000010001
In base 5, what is -300001 + -1?
-300002
In base 15, what is -ab + -2?
-ad
In base 5, what is 23340 + 13321?
42211
In base 10, what is 3 - -555071?
555074
In base 9, what is 177 - 64?
113
In base 2, what is -100110110 - 110100?
-101101010
In base 11, what is -383 - -26?
-358
In base 15, what is -2 - -5b2b?
5b29
In base 4, what is -3 + -32221233?
-32221302
In base 13, what is 29 + 1675?
16a1
In base 15, what is a48 + 63c?
1185
In base 11, what is 28785 + -4?
28781
In base 3, what is 201 - -1011121220?
1011122121
In base 7, what is -631221 + 0?
-631221
In base 11, what is -194 - -3a8?
214
In base 4, what is 103 + -2001332?
-2001223
In base 12, what is -2 + -4013?
-4015
In base 5, what is -12314143 + 0?
-12314143
In base 15, what is -bb16 - 4?
-bb1a
In base 16, what is -2a4 - 5d?
-301
In base 8, what is -7421 + 40?
-7361
In base 15, what is -1cd562 + 3?
-1cd55e
In base 10, what is -4 - 1795?
-1799
In base 14, what is -d - -68?
59
In base 9, what is 3 - -18503?
18506
In base 14, what is 0 + 1ac6?
1ac6
In base 6, what is 13321 + -52?
13225
In base 3, what is 2011 - 1010120120?
-1010111102
In base 4, what is -301 - -11021202?
11020301
In base 16, what is 8a6bd + 1?
8a6be
In base 2, what is -1010011000100 - 111?
-1010011001011
In base 6, what is -44302 + 2?
-44300
In base 13, what is 8 + -959?
-951
In base 16, what is -43f54 + 4?
-43f50
In base 16, what is e1 - -16d?
24e
In base 2, what is 111001010000 - 1101001?
110111100111
In base 13, what is 3c8 - -1293?
168b
In base 9, what is -6 + 167825?
167818
In base 11, what is -1a997 - 3?
-1a99a
In base 9, what is -158681 - -1?
-158680
In base 16, what is 22bfab - -5?
22bfb0
In base 12, what is -78511 - -1?
-78510
In base 14, what is 6643 - c8?
6559
In base 5, what is 1 - 243131?
-243130
In base 4, what is -23320030 - -133?
-23313231
In base 11, what is -106 + -23?
-129
In base 16, what is -2 - -2e911?
2e90f
In base 5, what is 444324 - 111?
444213
In base 2, what is -1010010110 - -11110?
-1001111000
In base 16, what is 8 - 7639?
-7631
In base 16, what is -1 - 4bbd?
-4bbe
In base 10, what is 1855 - -487?
2342
In base 16, what is -6c + 19f?
133
In base 11, what is 4 - 54a2?
-5499
In base 7, what is -16 - -103656?
103640
In base 5, what is 224 - 131441?
-131212
In base 2, what is -101 + -111010010100100?
-111010010101001
In base 4, what is -1013103 + -32?
-1013201
In base 14, what is 19 - 2287?
-226c
In base 12, what is -3a5 - -b3?
-2b2
In base 16, what is 262 + -15e1?
-137f
In base 12, what is 2 - 18a726?
-18a724
In base 9, what is -11 + -1404813?
-1404824
In base 13, what is 78ba + 2c?
7919
In base 5, what is 110121 + 1214?
111340
In base 14, what is 2d + -4aa?
-47b
In base 15, what is 250b + -7?
2504
In base 6, what is 1205 + -5355?
-4150
In base 8, what is 4 - -13242?
13246
In base 9, what is 700 + -12?
677
In base 16, what is 1bb2d + c?
1bb39
In base 16, what is -205 + -60?
-265
In base 9, what is -76650 + -1?
-76651
In base 9, what is 807 - 17?
780
In base 12, what is 66 - -3ba?
464
In base 15, what is -140 + 1e?
-121
In base 3, what is -11201002010 - -20?
-11201001220
In base 11, what is -509 - -285?
-234
In base 13, what is 14 + -129b4?
-129a0
In base 2, what is -100 + 11110111101011010?
11110111101010110
In base 15, what is -3d5a + c?
-3d4d
In base 9